{"id":625,"date":"2019-07-24T15:58:02","date_gmt":"2019-07-24T14:58:02","guid":{"rendered":"http:\/\/neurofeedback-grenoble.fr\/?page_id=625"},"modified":"2025-05-06T08:37:35","modified_gmt":"2025-05-06T07:37:35","slug":"neurofeedback-alimentation","status":"publish","type":"page","link":"https:\/\/neurofeedback-grenoble.fr\/index.php\/neurofeedback-alimentation\/","title":{"rendered":"Alimentation \u00e9motionnelle"},"content":{"rendered":"\n<p><br><\/p>\n\n\n\n<p>Pour perdre du poids, la solution n&rsquo;est pas di\u00e9t\u00e9tique, mais cognitive, comportementale et \u00e9motionnelle. Gr\u00e2ce aux neurosciences, on sait d\u00e9sormais que la solution n&rsquo;est pas dans l&rsquo;assiette, mais dans la t\u00eate !<\/p>\n\n\n\n<p>Si vous souhaitez comprendre pourquoi vous n&rsquo;arrivez pas \u00e0 maigrir, si vous voulez enfin perdre du poids et arr\u00eater les r\u00e9gimes en \u00e9tant en paix avec l&rsquo;alimentation, ce programme est pour vous. Le but est de vous lib\u00e9rer du contr\u00f4le et d&rsquo;arr\u00eater les compulsions si besoin.  <\/p>\n\n\n\n<p>Vous allez r\u00e9tablir une alimentation fond\u00e9e sur les sensations alimentaires, dans le calme \u00e9motionnel.<\/p>\n\n\n\n<p>Vous allez apprendre \u00e0 modifier votre comportement alimentaire et changer votre regard et vos pens\u00e9es sur la nourriture.<\/p>\n\n\n\n<p>Vous d\u00e9couvrirez, en faisant de petits exercices simples, comment respecter vos envies tout en conservant votre alimentation habituelle et votre vie sociale.  <br><\/p>\n\n\n\n<p><strong>Vous allez renouer avec le plaisir naturel de manger en \u00e9coutant votre corps, sans r\u00e9gime, sans angoisse, ni culpabilit\u00e9.<\/strong> <\/p>\n\n\n\n<p>Manger, cela s&rsquo;apprend !<\/p>\n\n\n\n<p>Pour perdre du poids, vous devez comprendre que ce ne sera efficace que si c&rsquo;est lent. <\/p>\n\n\n\n<p>Le programme s&rsquo;inspire des Th\u00e9rapies Comportementales et Cognitives (TCC) et de la psycho-nutrition.<\/p>\n\n\n\n<p>Les rendez-vous se font en face \u00e0 face \u00e0 Grenoble, ou par visio ou encore par t\u00e9l\u00e9phone.<\/p>\n\n\n\n<p>Les s\u00e9ances sont personnalis\u00e9es, possibles d\u00e8s l&rsquo;\u00e2ge de 15 ans.<\/p>\n\n\n\n<p>Tarif : 60 \u20ac la s\u00e9ance.  Plusieurs s\u00e9ances seront sans doute n\u00e9cessaires.<\/p>\n\n\n\n<p><strong><em>VOTRE CORPS EST VOTRE UNIQUE DEMEURE, AUTANT EN PRENDRE SOIN !<\/em><\/strong><\/p>\n\n\n\n<p>Prenez RV au 06 68 19 49 30.<\/p>\n\n\n\n<p><br><\/p>\n\n\n\n<p><br><\/p>\n\n\n\n<p><br><\/p>\n","protected":false},"excerpt":{"rendered":"<p>Pour perdre du poids, la solution n&rsquo;est pas di\u00e9t\u00e9tique, mais cognitive, comportementale et \u00e9motionnelle. Gr\u00e2ce aux neurosciences, on sait d\u00e9sormais que la solution n&rsquo;est pas dans l&rsquo;assiette, mais dans la t\u00eate ! Si vous souhaitez comprendre pourquoi vous n&rsquo;arrivez pas &hellip; <a href=\"https:\/\/neurofeedback-grenoble.fr\/index.php\/neurofeedback-alimentation\/\">Lire la suite <span class=\"meta-nav\">&rarr;<\/span><\/a><\/p>\n","protected":false},"author":1,"featured_media":0,"parent":0,"menu_order":0,"comment_status":"closed","ping_status":"closed","template":"","meta":[],"_links":{"self":[{"href":"https:\/\/neurofeedback-grenoble.fr\/index.php\/wp-json\/wp\/v2\/pages\/625"}],"collection":[{"href":"https:\/\/neurofeedback-grenoble.fr\/index.php\/wp-json\/wp\/v2\/pages"}],"about":[{"href":"https:\/\/neurofeedback-grenoble.fr\/index.php\/wp-json\/wp\/v2\/types\/page"}],"author":[{"embeddable":true,"href":"https:\/\/neurofeedback-grenoble.fr\/index.php\/wp-json\/wp\/v2\/users\/1"}],"replies":[{"embeddable":true,"href":"https:\/\/neurofeedback-grenoble.fr\/index.php\/wp-json\/wp\/v2\/comments?post=625"}],"version-history":[{"count":103,"href":"https:\/\/neurofeedback-grenoble.fr\/index.php\/wp-json\/wp\/v2\/pages\/625\/revisions"}],"predecessor-version":[{"id":1170,"href":"https:\/\/neurofeedback-grenoble.fr\/index.php\/wp-json\/wp\/v2\/pages\/625\/revisions\/1170"}],"wp:attachment":[{"href":"https:\/\/neurofeedback-grenoble.fr\/index.php\/wp-json\/wp\/v2\/media?parent=625"}],"curies":[{"name":"wp","href":"https:\/\/api.w.org\/{rel}","templated":true}]}}